are the prime factors of z(0)?
2, 5
Suppose -m = 2*z - 12, 3*m - 30 = -2*z - 3*z. Suppose -d - z*d = -126. What are the prime factors of d?
2, 3
Let p(r) = -r**2 - 7*r - 5. Let q be p(-5). Suppose -q*z + 8 = -2. Suppose z*w = 3*w - 12. What are the prime factors of w?
2, 3
Let n = -13 - -8. Suppose 4 + 28 = -4*q. Let l = n - q. What are the prime factors of l?
3
Let p = 293 - 193. What are the prime factors of p?
2, 5
Let h(u) = -u**3 - 3*u**2 + 4*u + 22. What are the prime factors of h(-5)?
2, 13
Let u be 6 - (-1 + 2 + 0). Let y be 8 - (-2 - (0 - 0)). Suppose -85 = u*x - y*x. List the prime factors of x.
17
Let j be (-16)/(-28)*(-7)/(-2). Suppose -o + j = 3*d, -4*d + 2*d + 8 = -o. List the prime factors of 305/20 - d/8.
3, 5
Suppose 0 = 12*p - 24*p + 2604. List the prime factors of p.
7, 31
What are the prime factors of -30*(2 - 9/3)?
2, 3, 5
Suppose 1 = 2*b - 5. Let g = 4 - 4. What are the prime factors of (b - 1) + (g - 0)?
2
Suppose 162 = 6*n - 726. List the prime factors of n.
2, 37
Let c = 15 + -21. Let u be 32/6 + 2/c. Suppose 4*a - 7*b + 3*b - 44 = 0, -a + 11 = -u*b. List the prime factors of a.
11
Let a(c) = 7*c - 3. Let u(m) = -8*m + 4. Let d(g) = 7*a(g) + 6*u(g). List the prime factors of d(6).
3
List the prime factors of 36/(-48) - (-483)/4.
2, 3, 5
Suppose 4*v - 120 = 108. Let y = v + -29. What are the prime factors of y?
2, 7
Suppose -4*p + 0*p = -8. Suppose 3*a - g - 45 = 0, p*a + 0*g - 30 = 3*g. List the prime factors of (6/(-9))/((-1)/a).
2, 5
Let g be (18/15)/(6/20). Suppose 0*z - 2*i + g = -2*z, 4 = 4*z - i. Suppose u - 4 = -3*o, u = -z*u + 2*o + 34. List the prime factors of u.
2, 5
Let l be ((-14)/6)/(2/(-12)). Suppose -3*w + 19 = -0*q - q, -2*w + l = -2*q. What are the prime factors of w?
2, 3
Suppose a + 189 = 8*a. List the prime factors of a.
3
Suppose -5*c = 4*x - 2*x + 8, -4*c + 4 = -x. Suppose c = d - 0*d - 7. Suppose 2*l = 3 + d. What are the prime factors of l?
5
Let n = -26 + 44. Let z = 39 - n. List the prime factors of z.
3, 7
Let k(y) = y**3 - 5*y**2 + 8*y - 4. List the prime factors of k(5).
2, 3
List the prime factors of 1*177 + (-27)/27.
2, 11
Let c(y) be the second derivative of -y**4/12 - 7*y**3/6 + y**2/2 + y. What are the prime factors of c(-6)?
7
Suppose 6*y - 39 = -15. Suppose -78 = -3*g - 2*v, -g - y*g = 2*v - 134. What are the prime factors of g?
2, 7
Suppose 5*m - 4*p + 7*p - 1812 = 0, 0 = 5*m - p - 1796. What are the prime factors of m?
2, 3, 5
Let a be (-4)/26 - 8088/156. Let g = a + 75. List the prime factors of g.
23
Let g(s) = s**2 - 3*s + 5. Suppose 20 = u + 4*u. What are the prime factors of g(u)?
3
Let y(l) = 9*l - 1. Let c be y(1). Suppose 8 = 4*n + 3*h, h - c + 4 = -2*n. What are the prime factors of n?
2
Let w be 3 + 1 - 22/11. Suppose -3*p - n + 94 = 0, -w*p + 3*p = -n + 32. List the prime factors of p.
31
Let p(g) = -g**3 + 13*g**2 + g - 10. Let z be p(13). Suppose 4*w - 50 = -m, -z - 64 = -5*w + m. List the prime factors of w.
13
Let h(t) = -55*t**3 + t**2 + 2*t + 1. What are the prime factors of h(-1)?
5, 11
Let r = 8 + -20. Suppose 0 = 2*q - 8*y + 5*y - 15, 3*y = -4*q + 21. List the prime factors of (10/q)/((-2)/r).
2, 5
Suppose 7*p - 3*p = 0. Let v(a) = a**2 - 1 + 3*a + p*a + 3. What are the prime factors of v(-4)?
2, 3
Let r be (-1 - (0 + 0)) + 19. Let n = 8 - r. List the prime factors of 46/10 - 4/n.
5
Let c(f) = f**3 - 12*f**2 + 13*f + 1. List the prime factors of c(11).
23
Let g(h) = -h**3 - 18*h**2 + 15*h + 28. What are the prime factors of g(-19)?
2, 13
Suppose 102 = 4*q + 6. What are the prime factors of q?
2, 3
Let u = 70 + -48. What are the prime factors of u?
2, 11
Suppose -2*q - 2*q - 196 = 0. Let v = -9 - q. What are the prime factors of (-90)/v*(-3 - 1)?
3
Suppose 244 = 4*o + 2*a + 2*a, 0 = -2*o - 5*a + 137. List the prime factors of o.
2, 7
Let t = 6 + -4. Suppose t*y = -0 + 28. What are the prime factors of y?
2, 7
Let n be -1 + 4 + 0/1. Suppose n*o - 14 = -5. What are the prime factors of o?
3
Let i = -16 - -8. Let s be ((-35)/4)/(2/i). Suppose 0 = k + 4*k - s. List the prime factors of k.
7
Let y = -64 - -148. What are the prime factors of y?
2, 3, 7
Let o = -50 - -100. Suppose -5*a + o + 25 = 0. What are the prime factors of a?
3, 5
Suppose -i = 4*a + 895, 5*a - 4*i = -0*i - 1124. Let f = a - -99. What are the prime factors of 1/(-4) + f/(-20)?
2, 3
Let x = -93 + 238. What are the prime factors of x?
5, 29
Suppose 0 = -3*l + 4*l - 2, 0 = -2*r + 4*l - 14. What are the prime factors of 23 - (r - (-12)/2)?
2, 5
Suppose 3*t = 3*w - 3, -5*t + 2*w - 3 = 2. Let b be (-3 + 1)*7/(-2). Let h = b + t. List the prime factors of h.
2, 3
Let q = 48 + 6. Suppose 3*z = 3*j - 114, -3*z - 3*j = -7*z - 152. Let o = q + z. What are the prime factors of o?
2
Let w = 463 + -264. List the prime factors of w.
199
Suppose -2*t = -7*t + 235. Let g = 67 - t. List the prime factors of g.
2, 5
Suppose -44 - 37 = -g. What are the prime factors of g?
3
Let o(q) be the third derivative of q**4/6 - 4*q**3/3 + q**2. Suppose 0 = -55*n + 52*n + 18. What are the prime factors of o(n)?
2
Suppose 5*v + 13 = -302. Let y be (-49)/v + (-2)/(-9). Suppose y = 3*s - 5. What are the prime factors of s?
2
Let f(t) = t. Let p be f(2). Suppose -p*h + 3*h = 33. List the prime factors of h.
3, 11
Suppose 2*o = -3*j + 32, -j + 5*o = 2*o + 4. Let x = 12 - j. What are the prime factors of x?
2
Suppose -2*o + 4*l + 57 = -9, 3*l + 69 = 2*o. Suppose 3*n - 5*p = o, 4*n + 11 = p + 46. List the prime factors of n.
2
Let m be (-8)/(-6)*(-6)/4. Let v(f) = 2*f**2 + 4*f + 2. What are the prime factors of v(m)?
2
Let u be 3/(-4)*(3 - -1). Let r be (-7)/u + (-2)/6. List the prime factors of r/((-1)/(33/(-6))).
11
Suppose 3*k + 2*x = -3 + 186, 3*x = 0. What are the prime factors of k?
61
Suppose 8*n - 12*n = 5*x - 1232, -n = 3*x - 742. What are the prime factors of x?
2, 31
Let w = 3 - 0. Suppose -6 = -q - 3*p, -31 - 23 = -w*q + 3*p. Suppose 0 = 3*a - k - 28, -5*k = 2*a - 15 - q. List the prime factors of a.
2, 5
Suppose 2*i = -4*k + 28, 4*i - 5*i + k = 1. Suppose 4*z = 3*z + i. List the prime factors of 6 - z - (0 + -2).
2
Suppose -98 = -4*f + 5*c, 4*f + 2*c - 112 = -0*c. List the prime factors of f.
3
Suppose 4*s + f + 4*f = 102, 4*s = -f + 110. List the prime factors of s.
2, 7
Suppose 0 = 3*x - 4*v - 28, 2*x + 0 = 2*v + 18. Let h = 13 - x. What are the prime factors of h?
5
Suppose 3664 = -7*g + 23*g. List the prime factors of g.
229
Let p(r) = -r + 2. Let o be p(2). Suppose 0*l - 4*l + 120 = o. Suppose 3*k - l - 8 = -4*w, 0 = -3*k + 5*w + 20. List the prime factors of k.
2, 5
Suppose 29 = 4*i + 21. What are the prime factors of i?
2
Let c = -8 - -19. Suppose 0 = 3*p + 2*q - 36, p + 0*q + q - c = 0. What are the prime factors of p?
2, 7
Suppose -2*z + 2 = 0, -3*t + 30 = 2*z - 89. Suppose 2*a - t = -a. List the prime factors of a.
13
Let z(r) = 2*r - 2. Let n be z(7). Suppose 3*v + n = 6*v. What are the prime factors of v?
2
Let a(k) = 13*k**2 + 5*k + 5. List the prime factors of a(-2).
47
Let i = 43 + -12. List the prime factors of i.
31
Let a(p) = -p - 6. Let u be a(0). Let h = u - -8. Suppose -h*b + 3 = 5*s + 1, -25 = -3*b - 2*s. What are the prime factors of b?
11
What are the prime factors of 1043/14 - (-2)/4?
3, 5
Suppose -7*u + 580 + 1709 = 0. List the prime factors of u.
3, 109
Suppose 4*o - 2*h + 3*h + 40 = 0, -2*o = -h + 14. Let j = 14 + o. Suppose 11 = w - j*f, 0 - 2 = -2*f. What are the prime factors of w?
2
Let i(w) = -w**2 + 9*w - 2. Let y be i(9). Let c = y - -5. What are the prime factors of c?
3
Let x(t) = -t + 6. Let u be x(6). Suppose -2*w = -r - 81, -3*w + 3*r + 45 + 81 = u. List the prime factors of w.
3, 13
Let x(f) = -3*f + 14. Let r = -16 - -10. What are the prime factors of x(r)?
2
Suppose 4*t - 18 - 2 = 5*k, 0 = 5*t + 2*k - 25. Suppose 4*w - 4 = 4*s - 88, s + t*w = -9. What are the prime factors of s?
2
Let z(m) = -3 + m - 1 + 2. Let f be z(7). Let v = 7 - f. What are the prime factors of v?
2
Let p(j) = j**2 + 2*j - 5. Let s(k) = -4*k**2 - 5*k + 15. Let z(b) = -7*p(b) - 2*s(b). Suppose 0*t = -4*t + 20. List the prime factors of z(t).
2, 5
Let a = -3 + 8. Suppose 2*p = 9 + a. List the prime factors of p.
7
Suppose -51 = 5*s - 16. Let b(v) = v**3 + 6*v**2 - 10*v - 1. What are the prime factors of b